CRAN Package Check Results for Package RsSimulx

Last updated on 2022-11-30 10:51:49 CET.

Flavor Version Tinstall Tcheck Ttotal Status Flags
r-devel-linux-x86_64-debian-clang 2.0.2 11.26 87.58 98.84 OK
r-devel-linux-x86_64-debian-gcc 2.0.2 9.52 63.99 73.51 OK
r-devel-linux-x86_64-fedora-clang 2.0.2 130.30 OK
r-devel-linux-x86_64-fedora-gcc 2.0.2 131.74 OK
r-devel-windows-x86_64 2.0.2 58.00 110.00 168.00 OK
r-patched-linux-x86_64 2.0.2 11.27 80.32 91.59 OK
r-release-linux-x86_64 2.0.2 9.59 80.07 89.66 OK
r-release-macos-arm64 2.0.0 31.00 NOTE
r-release-macos-x86_64 2.0.2 46.00 OK
r-release-windows-x86_64 2.0.2 36.00 129.00 165.00 OK
r-oldrel-macos-arm64 2.0.0 28.00 NOTE
r-oldrel-macos-x86_64 2.0.2 50.00 OK
r-oldrel-windows-ix86+x86_64 2.0.2 25.00 113.00 138.00 WARN

Check Details

Version: 2.0.0
Check: dependencies in R code
Result: NOTE
    Namespace in Imports field not imported from: ‘gridExtra’
     All declared Imports should be used.
Flavors: r-release-macos-arm64, r-oldrel-macos-arm64

Version: 2.0.2
Check: for unstated dependencies in ‘tests’
Result: WARN
    Warning: unable to access index for repository https://bioconductor.org/packages/3.14/bioc/src/contrib:
     cannot open URL 'https://bioconductor.org/packages/3.14/bioc/src/contrib/PACKAGES'
    Warning: unable to access index for repository https://bioconductor.org/packages/3.14/data/annotation/src/contrib:
     cannot open URL 'https://bioconductor.org/packages/3.14/data/annotation/src/contrib/PACKAGES'
    Warning: unable to access index for repository https://bioconductor.org/packages/3.14/data/experiment/src/contrib:
     cannot open URL 'https://bioconductor.org/packages/3.14/data/experiment/src/contrib/PACKAGES'
Flavor: r-oldrel-windows-ix86+x86_64