CRAN Package Check Results for Package RoundAndRound

Last updated on 2023-09-26 11:10:11 CEST.

Flavor Version Tinstall Tcheck Ttotal Status Flags
r-devel-linux-x86_64-debian-clang 0.0.1 2.76 24.84 27.60 OK
r-devel-linux-x86_64-debian-gcc 0.0.1 2.06 19.99 22.05 OK
r-devel-linux-x86_64-fedora-clang 0.0.1 33.73 NOTE
r-devel-linux-x86_64-fedora-gcc 0.0.1 34.86 NOTE
r-devel-windows-x86_64 0.0.1 4.00 44.00 48.00 OK
r-patched-linux-x86_64 0.0.1 1.83 24.42 26.25 OK
r-release-linux-x86_64 0.0.1 1.66 24.74 26.40 OK
r-release-macos-arm64 0.0.1 17.00 OK
r-release-macos-x86_64 0.0.1 21.00 OK
r-release-windows-x86_64 0.0.1 5.00 44.00 49.00 OK
r-oldrel-macos-arm64 0.0.1 16.00 NOTE
r-oldrel-macos-x86_64 0.0.1 24.00 NOTE
r-oldrel-windows-x86_64 0.0.1 5.00 44.00 49.00 OK

Check Details

Version: 0.0.1
Check: dependencies in R code
Result: NOTE
    Namespace in Imports field not imported from: ‘geometry’
     All declared Imports should be used.
Flavors: r-devel-linux-x86_64-fedora-clang, r-devel-linux-x86_64-fedora-gcc, r-oldrel-macos-arm64, r-oldrel-macos-x86_64