CRAN Package Check Results for Package RonFHIR

Last updated on 2024-07-22 09:49:16 CEST.

Flavor Version Tinstall Tcheck Ttotal Status Flags
r-devel-linux-x86_64-debian-clang 0.4.0 7.44 32.22 39.66 NOTE
r-devel-linux-x86_64-debian-gcc 0.4.0 4.96 24.95 29.91 NOTE
r-devel-linux-x86_64-fedora-clang 0.4.0 49.86 NOTE
r-devel-linux-x86_64-fedora-gcc 0.4.0 46.75 NOTE
r-devel-windows-x86_64 0.4.0 7.00 46.00 53.00 NOTE
r-patched-linux-x86_64 0.4.0 4.76 30.98 35.74 NOTE
r-release-linux-x86_64 0.4.0 6.00 31.86 37.86 NOTE
r-release-macos-arm64 0.4.0 18.00 NOTE
r-release-macos-x86_64 0.4.0 28.00 NOTE
r-release-windows-x86_64 0.4.0 6.00 45.00 51.00 NOTE
r-oldrel-macos-arm64 0.4.0 22.00 NOTE
r-oldrel-macos-x86_64 0.4.0 26.00 NOTE
r-oldrel-windows-x86_64 0.4.0 7.00 49.00 56.00 NOTE

Check Details

Version: 0.4.0
Check: LazyData
Result: NOTE 'LazyData' is specified without a 'data' directory Flavors: r-devel-linux-x86_64-debian-clang, r-devel-linux-x86_64-debian-gcc, r-devel-linux-x86_64-fedora-clang, r-devel-linux-x86_64-fedora-gcc, r-devel-windows-x86_64, r-patched-linux-x86_64, r-release-linux-x86_64, r-release-macos-arm64, r-release-macos-x86_64, r-release-windows-x86_64, r-oldrel-macos-arm64, r-oldrel-macos-x86_64, r-oldrel-windows-x86_64