Last updated on 2023-03-22 09:54:21 CET.
Flavor | Version | Tinstall | Tcheck | Ttotal | Status | Flags |
---|---|---|---|---|---|---|
r-devel-linux-x86_64-debian-clang | 1.1.0 | 13.53 | 95.73 | 109.26 | OK | |
r-devel-linux-x86_64-debian-gcc | 1.1.0 | 9.40 | 72.17 | 81.57 | OK | |
r-devel-linux-x86_64-fedora-clang | 1.1.0 | 140.64 | NOTE | |||
r-devel-linux-x86_64-fedora-gcc | 1.1.0 | 137.90 | NOTE | |||
r-devel-windows-x86_64 | 1.1.0 | 47.00 | 127.00 | 174.00 | OK | |
r-patched-linux-x86_64 | 1.1.0 | 11.32 | 93.76 | 105.08 | OK | |
r-release-linux-x86_64 | 1.1.0 | 11.44 | 93.68 | 105.12 | OK | |
r-release-macos-arm64 | 1.1.0 | 41.00 | NOTE | |||
r-release-macos-x86_64 | 1.1.0 | 68.00 | NOTE | |||
r-release-windows-x86_64 | 1.1.0 | 57.00 | 125.00 | 182.00 | OK | |
r-oldrel-macos-arm64 | 1.1.0 | 52.00 | NOTE | |||
r-oldrel-macos-x86_64 | 1.1.0 | 73.00 | NOTE | |||
r-oldrel-windows-ix86+x86_64 | 1.1.0 | 26.00 | 120.00 | 146.00 | OK |
Version: 1.1.0
Check: dependencies in R code
Result: NOTE
Namespace in Imports field not imported from: ‘glmnet’
All declared Imports should be used.
Flavors: r-devel-linux-x86_64-fedora-clang, r-devel-linux-x86_64-fedora-gcc, r-release-macos-arm64, r-release-macos-x86_64, r-oldrel-macos-arm64, r-oldrel-macos-x86_64