CRAN Package Check Results for Package Rmst

Last updated on 2022-12-01 09:55:18 CET.

Flavor Version Tinstall Tcheck Ttotal Status Flags
r-devel-linux-x86_64-debian-clang 0.0.3 7.26 60.42 67.68 OK
r-devel-linux-x86_64-debian-gcc 0.0.3 4.74 45.53 50.27 OK
r-devel-linux-x86_64-fedora-clang 0.0.3 93.17 NOTE
r-devel-linux-x86_64-fedora-gcc 0.0.3 90.18 NOTE
r-devel-windows-x86_64 0.0.3 15.00 84.00 99.00 OK
r-patched-linux-x86_64 0.0.3 5.92 56.61 62.53 OK
r-release-linux-x86_64 0.0.3 4.27 57.37 61.64 OK
r-release-macos-arm64 0.0.3 24.00 NOTE
r-release-macos-x86_64 0.0.3 45.00 NOTE
r-release-windows-x86_64 0.0.3 14.00 88.00 102.00 OK
r-oldrel-macos-arm64 0.0.3 25.00 NOTE
r-oldrel-macos-x86_64 0.0.3 35.00 NOTE
r-oldrel-windows-ix86+x86_64 0.0.3 18.00 82.00 100.00 OK

Check Details

Version: 0.0.3
Check: dependencies in R code
Result: NOTE
    Namespace in Imports field not imported from: ‘reshape2’
     All declared Imports should be used.
Flavors: r-devel-linux-x86_64-fedora-clang, r-devel-linux-x86_64-fedora-gcc, r-release-macos-arm64, r-release-macos-x86_64, r-oldrel-macos-arm64, r-oldrel-macos-x86_64