CRAN Package Check Results for Package RiskPortfolios

Last updated on 2022-12-07 10:50:08 CET.

Flavor Version Tinstall Tcheck Ttotal Status Flags
r-devel-linux-x86_64-debian-clang 2.1.7 2.74 47.98 50.72 OK
r-devel-linux-x86_64-debian-gcc 2.1.7 2.95 34.24 37.19 OK
r-devel-linux-x86_64-fedora-clang 2.1.7 73.48 NOTE
r-devel-linux-x86_64-fedora-gcc 2.1.7 70.69 NOTE
r-devel-windows-x86_64 2.1.7 24.00 73.00 97.00 OK
r-patched-linux-x86_64 2.1.7 2.15 43.76 45.91 OK
r-release-linux-x86_64 2.1.7 3.05 44.31 47.36 OK
r-release-macos-arm64 2.1.7 21.00 NOTE
r-release-macos-x86_64 2.1.7 33.00 NOTE
r-release-windows-x86_64 2.1.7 43.00 70.00 113.00 OK
r-oldrel-macos-arm64 2.1.7 22.00 NOTE
r-oldrel-macos-x86_64 2.1.7 40.00 NOTE
r-oldrel-windows-ix86+x86_64 2.1.7 8.00 75.00 83.00 OK

Check Details

Version: 2.1.7
Check: dependencies in R code
Result: NOTE
    Namespace in Imports field not imported from: ‘MASS’
     All declared Imports should be used.
Flavors: r-devel-linux-x86_64-fedora-clang, r-devel-linux-x86_64-fedora-gcc, r-release-macos-arm64, r-release-macos-x86_64, r-oldrel-macos-arm64, r-oldrel-macos-x86_64