Last updated on 2022-05-19 10:55:55 CEST.
Flavor | Version | Tinstall | Tcheck | Ttotal | Status | Flags |
---|---|---|---|---|---|---|
r-devel-linux-x86_64-debian-clang | 2.0.6 | 1395.04 | 132.89 | 1527.93 | OK | |
r-devel-linux-x86_64-debian-gcc | 2.0.6 | 1103.08 | 100.51 | 1203.59 | OK | |
r-devel-linux-x86_64-fedora-clang | 2.0.6 | 2254.51 | NOTE | |||
r-devel-linux-x86_64-fedora-gcc | 2.0.6 | 2060.39 | OK | |||
r-devel-windows-x86_64 | 2.0.6 | 983.00 | 207.00 | 1190.00 | NOTE | |
r-patched-linux-x86_64 | 2.0.6 | 1173.27 | 122.91 | 1296.18 | OK | |
r-release-linux-x86_64 | 2.0.6 | 1172.27 | 124.09 | 1296.36 | OK | |
r-release-macos-arm64 | 2.0.6 | 425.00 | NOTE | |||
r-release-macos-x86_64 | 2.0.6 | 510.00 | NOTE | |||
r-release-windows-x86_64 | 2.0.6 | 1022.00 | 206.00 | 1228.00 | NOTE | |
r-oldrel-macos-arm64 | 2.0.6 | 350.00 | NOTE | |||
r-oldrel-macos-x86_64 | 2.0.6 | 527.00 | NOTE | |||
r-oldrel-windows-ix86+x86_64 | 2.0.6 | 3269.00 | 250.00 | 3519.00 | NOTE |
Version: 2.0.6
Check: installed package size
Result: NOTE
installed size is 38.9Mb
sub-directories of 1Mb or more:
libs 37.5Mb
Flavors: r-devel-linux-x86_64-fedora-clang, r-devel-windows-x86_64, r-release-macos-arm64, r-release-macos-x86_64, r-release-windows-x86_64, r-oldrel-macos-arm64, r-oldrel-macos-x86_64, r-oldrel-windows-ix86+x86_64