CRAN Package Check Results for Package RestRserve

Last updated on 2022-12-06 09:52:32 CET.

Flavor Version Tinstall Tcheck Ttotal Status Flags
r-devel-linux-x86_64-debian-clang 1.2.1 67.81 69.66 137.47 OK
r-devel-linux-x86_64-debian-gcc 1.2.1 56.93 54.38 111.31 OK
r-devel-linux-x86_64-fedora-clang 1.2.1 209.03 OK
r-devel-linux-x86_64-fedora-gcc 1.2.1 200.21 OK
r-devel-windows-x86_64 1.2.1 92.00 139.00 231.00 OK
r-patched-linux-x86_64 1.2.1 63.06 63.02 126.08 OK
r-release-linux-x86_64 1.2.1 61.69 55.77 117.46 OK
r-release-macos-arm64 1.2.1 54.00 NOTE
r-release-macos-x86_64 1.2.1 66.00 NOTE
r-release-windows-x86_64 1.2.1 149.00 144.00 293.00 OK
r-oldrel-macos-arm64 1.2.1 54.00 NOTE
r-oldrel-macos-x86_64 1.2.1 78.00 NOTE
r-oldrel-windows-ix86+x86_64 1.2.1 144.00 132.00 276.00 NOTE

Check Details

Version: 1.2.1
Check: installed package size
Result: NOTE
     installed size is 6.4Mb
     sub-directories of 1Mb or more:
     libs 3.4Mb
     swagger 1.4Mb
Flavors: r-release-macos-arm64, r-release-macos-x86_64, r-oldrel-macos-arm64, r-oldrel-macos-x86_64, r-oldrel-windows-ix86+x86_64