CRAN Package Check Results for Package RcppML

Last updated on 2022-12-07 10:50:08 CET.

Flavor Version Tinstall Tcheck Ttotal Status Flags
r-devel-linux-x86_64-debian-clang 0.3.7 56.64 84.02 140.66 OK
r-devel-linux-x86_64-debian-gcc 0.3.7 41.02 63.97 104.99 OK
r-devel-linux-x86_64-fedora-clang 0.3.7 181.37 OK
r-devel-linux-x86_64-fedora-gcc 0.3.7 188.74 OK
r-devel-windows-x86_64 0.3.7 42.00 133.00 175.00 OK
r-patched-linux-x86_64 0.3.7 43.58 78.03 121.61 OK
r-release-linux-x86_64 0.3.7 46.44 78.90 125.34 OK
r-release-macos-arm64 0.3.7 46.00 NOTE
r-release-macos-x86_64 0.3.7 64.00 NOTE
r-release-windows-x86_64 0.3.7 46.00 135.00 181.00 OK
r-oldrel-macos-arm64 0.3.7 43.00 NOTE
r-oldrel-macos-x86_64 0.3.7 61.00 NOTE
r-oldrel-windows-ix86+x86_64 0.3.7 107.00 152.00 259.00 OK

Check Details

Version: 0.3.7
Check: installed package size
Result: NOTE
     installed size is 8.2Mb
     sub-directories of 1Mb or more:
     libs 8.0Mb
Flavors: r-release-macos-arm64, r-release-macos-x86_64, r-oldrel-macos-arm64, r-oldrel-macos-x86_64