Last updated on 2022-08-13 10:50:38 CEST.
Flavor | Version | Tinstall | Tcheck | Ttotal | Status | Flags |
---|---|---|---|---|---|---|
r-devel-linux-x86_64-debian-clang | 1.0.1 | 98.47 | 89.08 | 187.55 | OK | |
r-devel-linux-x86_64-debian-gcc | 1.0.1 | 79.31 | 74.24 | 153.55 | OK | |
r-devel-linux-x86_64-fedora-clang | 1.0.1 | 288.19 | OK | |||
r-devel-linux-x86_64-fedora-gcc | 1.0.1 | 268.18 | OK | |||
r-devel-windows-x86_64 | 1.0.1 | 98.00 | 124.00 | 222.00 | OK | |
r-patched-linux-x86_64 | 1.0.1 | 86.00 | 91.04 | 177.04 | OK | |
r-release-linux-x86_64 | 1.0.1 | 86.55 | 90.07 | 176.62 | OK | |
r-release-macos-arm64 | 1.0.1 | 66.00 | NOTE | |||
r-release-macos-x86_64 | 1.0.1 | 85.00 | NOTE | |||
r-release-windows-x86_64 | 1.0.1 | 101.00 | 126.00 | 227.00 | OK | |
r-oldrel-macos-arm64 | 1.0.1 | 76.00 | NOTE | |||
r-oldrel-macos-x86_64 | 1.0.1 | 102.00 | NOTE | |||
r-oldrel-windows-ix86+x86_64 | 1.0.1 | 249.00 | 215.00 | 464.00 | OK |
Version: 1.0.1
Check: installed package size
Result: NOTE
installed size is 6.0Mb
sub-directories of 1Mb or more:
libs 5.7Mb
Flavors: r-release-macos-arm64, r-release-macos-x86_64, r-oldrel-macos-arm64, r-oldrel-macos-x86_64
Version: 1.0.1
Check: package dependencies
Result: NOTE
Package suggested but not available for checking: ‘RcppAlgos’
Flavor: r-release-macos-x86_64
Version: 1.0.1
Check: Rd cross-references
Result: NOTE
Package unavailable to check Rd xrefs: ‘RcppAlgos’
Flavor: r-release-macos-x86_64