CRAN Package Check Results for Package RcppAnnoy

Last updated on 2022-05-28 10:50:54 CEST.

Flavor Version Tinstall Tcheck Ttotal Status Flags
r-devel-linux-x86_64-debian-clang 0.0.19 61.19 104.34 165.53 OK
r-devel-linux-x86_64-debian-gcc 0.0.19 46.53 76.76 123.29 OK
r-devel-linux-x86_64-fedora-clang 0.0.19 206.02 OK
r-devel-linux-x86_64-fedora-gcc 0.0.19 198.36 OK
r-devel-windows-x86_64 0.0.19 55.00 155.00 210.00 OK
r-patched-linux-x86_64 0.0.19 55.49 101.38 156.87 OK
r-release-linux-x86_64 0.0.19 56.92 103.38 160.30 OK
r-release-macos-arm64 0.0.19 49.00 NOTE
r-release-macos-x86_64 0.0.19 75.00 NOTE
r-release-windows-x86_64 0.0.19 57.00 156.00 213.00 OK
r-oldrel-macos-arm64 0.0.19 51.00 NOTE
r-oldrel-macos-x86_64 0.0.19 88.00 NOTE
r-oldrel-windows-ix86+x86_64 0.0.19 142.00 231.00 373.00 OK

Check Details

Version: 0.0.19
Check: installed package size
Result: NOTE
     installed size is 6.3Mb
     sub-directories of 1Mb or more:
     libs 5.9Mb
Flavors: r-release-macos-arm64, r-release-macos-x86_64, r-oldrel-macos-arm64, r-oldrel-macos-x86_64