CRAN Package Check Results for Package RcppAlgos

Last updated on 2024-02-25 10:54:34 CET.

Flavor Version Tinstall Tcheck Ttotal Status Flags
r-devel-linux-x86_64-debian-clang 2.8.3 315.54 206.20 521.74 OK
r-devel-linux-x86_64-debian-gcc 2.8.3 244.82 163.15 407.97 OK
r-devel-linux-x86_64-fedora-clang 2.8.3 812.01 OK
r-devel-linux-x86_64-fedora-gcc 2.8.3 726.45 OK
r-devel-windows-x86_64 2.8.3 243.00 222.00 465.00 OK
r-patched-linux-x86_64 2.8.3 301.05 205.41 506.46 OK
r-release-linux-x86_64 2.8.3 303.15 202.58 505.73 OK
r-release-macos-arm64 2.8.3 193.00 NOTE
r-release-macos-x86_64 2.8.3 336.00 NOTE
r-release-windows-x86_64 2.8.3 256.00 260.00 516.00 OK
r-oldrel-macos-arm64 2.8.3 176.00 NOTE
r-oldrel-windows-x86_64 2.8.3 282.00 261.00 543.00 OK

Check Details

Version: 2.8.3
Check: installed package size
Result: NOTE installed size is 20.1Mb sub-directories of 1Mb or more: doc 1.1Mb libs 17.8Mb Flavors: r-release-macos-arm64, r-release-macos-x86_64, r-oldrel-macos-arm64