CRAN Package Check Results for Package Rcplex

Last updated on 2023-02-07 10:54:07 CET.

Flavor Version Tinstall Tcheck Ttotal Status Flags
r-devel-linux-x86_64-debian-clang 0.3-5 1.83 28.70 30.53 OK --install=fake --no-examples --no-tests --no-vignettes
r-devel-linux-x86_64-debian-gcc 0.3-5 1.82 21.63 23.45 OK --install=fake --no-examples --no-tests --no-vignettes
r-devel-windows-x86_64 0.3-5 3.00 7.00 10.00 ERROR
r-patched-linux-x86_64 0.3-5 2.48 26.59 29.07 OK --install=fake --no-examples --no-tests --no-vignettes
r-release-linux-x86_64 0.3-5 1.72 26.88 28.60 OK --install=fake --no-examples --no-tests --no-vignettes
r-release-macos-arm64 0.3-5 6.00 ERROR
r-release-macos-x86_64 0.3-5 7.00 ERROR
r-release-windows-x86_64 0.3-3 1.00 30.00 31.00 ERROR
r-oldrel-macos-arm64 0.3-5 10.00 ERROR
r-oldrel-macos-x86_64 0.3-5 11.00 ERROR

Check Details

Version: 0.3-5
Check: whether package can be installed
Result: ERROR
    Installation failed.
Flavors: r-devel-windows-x86_64, r-release-macos-arm64, r-release-macos-x86_64, r-oldrel-macos-arm64, r-oldrel-macos-x86_64

Version: 0.3-3
Check: whether package can be installed
Result: ERROR
    Installation failed.
Flavor: r-release-windows-x86_64