CRAN Package Check Results for Package RcmdrPlugin.aRnova

Last updated on 2022-12-08 10:53:29 CET.

Flavor Version Tinstall Tcheck Ttotal Status Flags
r-devel-linux-x86_64-debian-clang 0.0.5 19.56 147.19 166.75 OK
r-devel-linux-x86_64-debian-gcc 0.0.5 16.69 111.00 127.69 OK
r-devel-linux-x86_64-fedora-clang 0.0.5 233.33 NOTE
r-devel-linux-x86_64-fedora-gcc 0.0.5 238.19 OK
r-devel-windows-x86_64 0.0.5 40.00 192.00 232.00 OK
r-patched-linux-x86_64 0.0.5 26.33 165.41 191.74 OK
r-release-linux-x86_64 0.0.5 25.70 163.57 189.27 OK
r-release-macos-arm64 0.0.5 105.00 OK
r-release-macos-x86_64 0.0.5 221.00 OK
r-release-windows-x86_64 0.0.5 85.00 187.00 272.00 OK
r-oldrel-macos-arm64 0.0.5 131.00 OK
r-oldrel-macos-x86_64 0.0.5 141.00 OK
r-oldrel-windows-ix86+x86_64 0.0.5 41.00 164.00 205.00 OK

Check Details

Version: 0.0.5
Check: Rd cross-references
Result: NOTE
    Undeclared package ‘car’ in Rd xrefs
Flavor: r-devel-linux-x86_64-fedora-clang