CRAN Package Check Results for Package RcmdrPlugin.UCA

Last updated on 2022-01-26 09:49:51 CET.

Flavor Version Tinstall Tcheck Ttotal Status Flags
r-devel-linux-x86_64-debian-clang 4.5-1 22.57 175.56 198.13 NOTE
r-devel-linux-x86_64-debian-gcc 4.5-1 18.68 131.83 150.51 NOTE
r-devel-linux-x86_64-fedora-clang 4.5-1 206.68 NOTE
r-devel-linux-x86_64-fedora-gcc 4.5-1 235.63 NOTE
r-devel-windows-x86_64-new-UL 4.5-1 79.00 221.00 300.00 NOTE
r-devel-windows-x86_64-new-TK 4.5-1 ERROR
r-patched-linux-x86_64 4.5-1 17.32 147.15 164.47 NOTE
r-release-linux-x86_64 4.5-1 16.13 144.28 160.41 NOTE
r-release-macos-arm64 4.5-1 NOTE
r-release-macos-x86_64 4.5-1 NOTE
r-release-windows-ix86+x86_64 4.5-1 40.00 167.00 207.00 NOTE
r-oldrel-macos-x86_64 4.5-1 NOTE
r-oldrel-windows-ix86+x86_64 4.5-1 40.00 169.00 209.00 NOTE

Check Details

Version: 4.5-1
Check: package dependencies
Result: NOTE
    Depends: includes the non-default packages:
     'IQCC', 'qcc', 'qicharts2', 'randtests', 'rmarkdown',
     'TeachingDemos', 'tseries'
    Adding so many packages to the search path is excessive and importing
    selectively is preferable.
Flavors: r-devel-linux-x86_64-debian-clang, r-devel-linux-x86_64-debian-gcc, r-devel-linux-x86_64-fedora-clang, r-devel-linux-x86_64-fedora-gcc, r-devel-windows-x86_64-new-UL, r-patched-linux-x86_64, r-release-linux-x86_64, r-release-macos-arm64, r-release-macos-x86_64, r-release-windows-ix86+x86_64, r-oldrel-macos-x86_64, r-oldrel-windows-ix86+x86_64

Version: 4.5-1
Check: package dependencies
Result: ERROR
    Package required but not available: 'Rcmdr'
    
    Package suggested but not available for checking: 'car'
    
    Depends: includes the non-default packages:
     'IQCC', 'qcc', 'qicharts2', 'randtests', 'rmarkdown',
     'TeachingDemos', 'tseries'
    Adding so many packages to the search path is excessive and importing
    selectively is preferable.
    
    See section 'The DESCRIPTION file' in the 'Writing R Extensions'
    manual.
Flavor: r-devel-windows-x86_64-new-TK