CRAN Package Check Results for Package RcmdrPlugin.PcaRobust

Last updated on 2022-11-27 09:53:37 CET.

Flavor Version Tinstall Tcheck Ttotal Status Flags
r-devel-linux-x86_64-debian-clang 1.1.4 19.57 156.45 176.02 NOTE
r-devel-linux-x86_64-debian-gcc 1.1.4 14.06 113.56 127.62 NOTE
r-devel-linux-x86_64-fedora-clang 1.1.4 235.62 NOTE
r-devel-linux-x86_64-fedora-gcc 1.1.4 228.87 NOTE
r-devel-windows-x86_64 1.1.4 65.00 181.00 246.00 NOTE
r-patched-linux-x86_64 1.1.4 24.67 164.65 189.32 NOTE
r-release-linux-x86_64 1.1.4 24.94 166.19 191.13 NOTE
r-release-macos-arm64 1.1.4 100.00 NOTE
r-release-macos-x86_64 1.1.4 240.00 NOTE
r-release-windows-x86_64 1.1.4 51.00 211.00 262.00 NOTE
r-oldrel-macos-arm64 1.1.4 92.00 NOTE
r-oldrel-macos-x86_64 1.1.4 131.00 NOTE
r-oldrel-windows-ix86+x86_64 1.1.4 39.00 172.00 211.00 NOTE

Check Details

Version: 1.1.4
Check: LazyData
Result: NOTE
     'LazyData' is specified without a 'data' directory
Flavors: r-devel-linux-x86_64-debian-clang, r-devel-linux-x86_64-debian-gcc, r-devel-linux-x86_64-fedora-clang, r-devel-linux-x86_64-fedora-gcc, r-devel-windows-x86_64, r-patched-linux-x86_64, r-release-linux-x86_64, r-release-macos-arm64, r-release-macos-x86_64, r-release-windows-x86_64, r-oldrel-macos-arm64, r-oldrel-macos-x86_64, r-oldrel-windows-ix86+x86_64