CRAN Package Check Results for Package RcmdrPlugin.HH

Last updated on 2022-12-06 09:52:31 CET.

Flavor Version Tinstall Tcheck Ttotal Status Flags
r-devel-linux-x86_64-debian-clang 1.1-47 28.02 182.39 210.41 OK
r-devel-linux-x86_64-debian-gcc 1.1-47 21.60 134.76 156.36 OK
r-devel-linux-x86_64-fedora-clang 1.1-47 282.08 NOTE
r-devel-linux-x86_64-fedora-gcc 1.1-47 275.85 OK
r-devel-windows-x86_64 1.1-47 59.00 224.00 283.00 OK
r-patched-linux-x86_64 1.1-47 26.69 185.86 212.55 OK
r-release-linux-x86_64 1.1-47 26.22 183.53 209.75 OK
r-release-macos-arm64 1.1-47 84.00 OK
r-release-macos-x86_64 1.1-47 188.00 OK
r-release-windows-x86_64 1.1-47 67.00 211.00 278.00 OK
r-oldrel-macos-arm64 1.1-47 83.00 OK
r-oldrel-macos-x86_64 1.1-47 169.00 OK
r-oldrel-windows-ix86+x86_64 1.1-47 54.00 190.00 244.00 OK

Check Details

Version: 1.1-47
Check: Rd cross-references
Result: NOTE
    Undeclared packages ‘car’, ‘leaps’, ‘latticeExtra’, ‘rgl’ in Rd xrefs
Flavor: r-devel-linux-x86_64-fedora-clang