CRAN Package Check Results for Package RcmdrPlugin.GWRM

Last updated on 2022-12-05 09:51:28 CET.

Flavor Version Tinstall Tcheck Ttotal Status Flags
r-devel-linux-x86_64-debian-clang 1.0.2 19.70 138.99 158.69 NOTE
r-devel-linux-x86_64-debian-gcc 1.0.2 14.12 101.69 115.81 NOTE
r-devel-linux-x86_64-fedora-clang 1.0.2 213.33 NOTE
r-devel-linux-x86_64-fedora-gcc 1.0.2 197.92 NOTE
r-devel-windows-x86_64 1.0.2 46.00 173.00 219.00 NOTE
r-patched-linux-x86_64 1.0.2 25.59 135.18 160.77 NOTE
r-release-linux-x86_64 1.0.2 19.06 134.19 153.25 NOTE
r-release-macos-arm64 1.0.2 62.00 NOTE
r-release-macos-x86_64 1.0.2 137.00 NOTE
r-release-windows-x86_64 1.0.2 60.00 173.00 233.00 NOTE
r-oldrel-macos-arm64 1.0.2 55.00 NOTE
r-oldrel-macos-x86_64 1.0.2 127.00 NOTE
r-oldrel-windows-ix86+x86_64 1.0.2 42.00 153.00 195.00 NOTE

Check Details

Version: 1.0.2
Check: LazyData
Result: NOTE
     'LazyData' is specified without a 'data' directory
Flavors: r-devel-linux-x86_64-debian-clang, r-devel-linux-x86_64-debian-gcc, r-devel-linux-x86_64-fedora-clang, r-devel-linux-x86_64-fedora-gcc, r-devel-windows-x86_64, r-patched-linux-x86_64, r-release-linux-x86_64, r-release-macos-arm64, r-release-macos-x86_64, r-release-windows-x86_64, r-oldrel-macos-arm64, r-oldrel-macos-x86_64, r-oldrel-windows-ix86+x86_64