CRAN Package Check Results for Package RcmdrPlugin.BiclustGUI

Last updated on 2022-12-05 09:51:28 CET.

Flavor Version Tinstall Tcheck Ttotal Status Flags
r-devel-linux-x86_64-debian-clang 1.1.3.1 58.25 407.58 465.83 NOTE
r-devel-linux-x86_64-debian-gcc 1.1.3.1 48.27 303.04 351.31 NOTE
r-devel-linux-x86_64-fedora-clang 1.1.3.1 608.54 NOTE
r-devel-linux-x86_64-fedora-gcc 1.1.3.1 586.29 NOTE
r-devel-windows-x86_64 1.1.3.1 218.00 444.00 662.00 NOTE
r-patched-linux-x86_64 1.1.3.1 67.81 407.56 475.37 NOTE
r-release-linux-x86_64 1.1.3.1 58.54 411.31 469.85 NOTE
r-release-macos-arm64 1.1.3.1 212.00 NOTE
r-release-macos-x86_64 1.1.3.1 276.00 NOTE
r-release-windows-x86_64 1.1.3.1 190.00 435.00 625.00 NOTE
r-oldrel-macos-arm64 1.1.3.1 150.00 NOTE
r-oldrel-macos-x86_64 1.1.3.1 229.00 NOTE
r-oldrel-windows-ix86+x86_64 1.1.3.1 112.00 400.00 512.00 NOTE

Check Details

Version: 1.1.3.1
Check: package dependencies
Result: NOTE
    Depends: includes the non-default packages:
     'biclust', 'fabia', 'iBBiG', 'superbiclust', 'BcDiag', 'BicARE',
     's4vd', 'BiBitR'
    Adding so many packages to the search path is excessive and importing
    selectively is preferable.
Flavors: r-devel-linux-x86_64-debian-clang, r-devel-linux-x86_64-debian-gcc, r-devel-linux-x86_64-fedora-clang, r-devel-linux-x86_64-fedora-gcc, r-devel-windows-x86_64, r-patched-linux-x86_64, r-release-linux-x86_64, r-release-windows-x86_64, r-oldrel-windows-ix86+x86_64

Version: 1.1.3.1
Check: package dependencies
Result: NOTE
    Package suggested but not available for checking: ‘rqubic’
    
    Depends: includes the non-default packages:
     'biclust', 'fabia', 'iBBiG', 'superbiclust', 'BcDiag', 'BicARE',
     's4vd', 'BiBitR'
    Adding so many packages to the search path is excessive and importing
    selectively is preferable.
Flavors: r-release-macos-arm64, r-release-macos-x86_64, r-oldrel-macos-arm64, r-oldrel-macos-x86_64