CRAN Package Check Results for Package Rcmdr

Last updated on 2022-10-03 10:50:36 CEST.

Flavor Version Tinstall Tcheck Ttotal Status Flags
r-devel-linux-x86_64-debian-clang 2.8-0 46.41 263.06 309.47 OK
r-devel-linux-x86_64-debian-gcc 2.8-0 35.66 190.78 226.44 OK
r-devel-linux-x86_64-fedora-clang 2.8-0 402.08 NOTE
r-devel-linux-x86_64-fedora-gcc 2.8-0 399.91 OK
r-devel-windows-x86_64 2.8-0 85.00 306.00 391.00 NOTE
r-patched-linux-x86_64 2.8-0 51.14 268.56 319.70 OK
r-release-linux-x86_64 2.8-0 54.37 271.29 325.66 OK
r-release-macos-arm64 2.8-0 83.00 NOTE
r-release-macos-x86_64 2.8-0 221.00 NOTE
r-release-windows-x86_64 2.8-0 70.00 283.00 353.00 NOTE
r-oldrel-macos-arm64 2.8-0 72.00 NOTE
r-oldrel-macos-x86_64 2.8-0 210.00 NOTE
r-oldrel-windows-ix86+x86_64 2.8-0 76.00 278.00 354.00 NOTE

Check Details

Version: 2.8-0
Check: installed package size
Result: NOTE
     installed size is 7.7Mb
     sub-directories of 1Mb or more:
     R 1.2Mb
     doc 3.2Mb
     po 2.5Mb
Flavors: r-devel-linux-x86_64-fedora-clang, r-devel-windows-x86_64, r-release-macos-arm64, r-release-macos-x86_64, r-release-windows-x86_64, r-oldrel-macos-arm64, r-oldrel-macos-x86_64, r-oldrel-windows-ix86+x86_64