CRAN Package Check Results for Package Rborist

Last updated on 2021-11-26 10:50:38 CET.

Flavor Version Tinstall Tcheck Ttotal Status Flags
r-devel-linux-x86_64-debian-clang 0.2-3 191.02 34.85 225.87 OK
r-devel-linux-x86_64-debian-gcc 0.2-3 129.33 27.78 157.11 OK
r-devel-linux-x86_64-fedora-clang 0.2-3 345.88 NOTE
r-devel-linux-x86_64-fedora-gcc 0.2-3 309.34 OK
r-devel-windows-x86_64-new-UL 0.2-3 243.00 116.00 359.00 OK
r-devel-windows-x86_64-new-TK 0.2-3 OK
r-devel-windows-x86_64-old 0.2-3 178.00 58.00 236.00 OK
r-patched-linux-x86_64 0.2-3 164.14 33.78 197.92 OK
r-patched-solaris-x86 0.2-3 248.00 OK
r-release-linux-x86_64 0.2-3 OK
r-release-macos-arm64 0.2-3 NOTE
r-release-macos-x86_64 0.2-3 NOTE
r-release-windows-ix86+x86_64 0.2-3 448.00 109.00 557.00 OK
r-oldrel-macos-x86_64 0.2-3 NOTE
r-oldrel-windows-ix86+x86_64 0.2-3 328.00 103.00 431.00 OK

Check Details

Version: 0.2-3
Check: installed package size
Result: NOTE
     installed size is 9.3Mb
     sub-directories of 1Mb or more:
     libs 9.0Mb
Flavors: r-devel-linux-x86_64-fedora-clang, r-release-macos-arm64, r-release-macos-x86_64, r-oldrel-macos-x86_64