CRAN Package Check Results for Package Rbgs

Last updated on 2023-01-31 10:52:19 CET.

Flavor Version Tinstall Tcheck Ttotal Status Flags
r-devel-linux-x86_64-debian-clang 0.2 3.93 39.94 43.87 NOTE
r-devel-linux-x86_64-debian-gcc 0.2 3.20 30.81 34.01 NOTE
r-devel-linux-x86_64-fedora-clang 0.2 55.99 NOTE
r-devel-linux-x86_64-fedora-gcc 0.2 59.58 NOTE
r-devel-windows-x86_64 0.2 21.00 69.00 90.00 NOTE
r-patched-linux-x86_64 0.2 3.79 39.89 43.68 NOTE
r-release-linux-x86_64 0.2 4.24 39.98 44.22 NOTE
r-release-macos-arm64 0.2 22.00 NOTE
r-release-macos-x86_64 0.2 30.00 NOTE
r-release-windows-x86_64 0.2 17.00 75.00 92.00 NOTE
r-oldrel-macos-arm64 0.2 29.00 NOTE
r-oldrel-macos-x86_64 0.2 35.00 NOTE
r-oldrel-windows-ix86+x86_64 0.2 10.00 74.00 84.00 NOTE

Additional issues

donttest

Check Details

Version: 0.2
Check: LazyData
Result: NOTE
     'LazyData' is specified without a 'data' directory
Flavors: r-devel-linux-x86_64-debian-clang, r-devel-linux-x86_64-debian-gcc, r-devel-linux-x86_64-fedora-clang, r-devel-linux-x86_64-fedora-gcc, r-devel-windows-x86_64, r-patched-linux-x86_64, r-release-linux-x86_64, r-release-macos-arm64, r-release-macos-x86_64, r-release-windows-x86_64, r-oldrel-macos-arm64, r-oldrel-macos-x86_64, r-oldrel-windows-ix86+x86_64