CRAN Package Check Results for Package RagGrid

Last updated on 2023-03-30 09:55:20 CEST.

Flavor Version Tinstall Tcheck Ttotal Status Flags
r-devel-linux-x86_64-debian-clang 0.2.0 3.62 27.20 30.82 OK
r-devel-linux-x86_64-debian-gcc 0.2.0 2.56 21.87 24.43 OK
r-devel-linux-x86_64-fedora-clang 0.2.0 39.40 NOTE
r-devel-linux-x86_64-fedora-gcc 0.2.0 39.44 NOTE
r-devel-windows-x86_64 0.2.0 29.00 60.00 89.00 OK
r-patched-linux-x86_64 0.2.0 2.75 27.36 30.11 OK
r-release-linux-x86_64 0.2.0 2.31 28.35 30.66 OK
r-release-macos-arm64 0.2.0 17.00 NOTE
r-release-macos-x86_64 0.2.0 23.00 NOTE
r-release-windows-x86_64 0.2.0 27.00 62.00 89.00 OK
r-oldrel-macos-arm64 0.2.0 20.00 NOTE
r-oldrel-macos-x86_64 0.2.0 27.00 NOTE
r-oldrel-windows-ix86+x86_64 0.2.0 8.00 53.00 61.00 OK

Check Details

Version: 0.2.0
Check: dependencies in R code
Result: NOTE
    Namespace in Imports field not imported from: ‘knitr’
     All declared Imports should be used.
Flavors: r-devel-linux-x86_64-fedora-clang, r-devel-linux-x86_64-fedora-gcc, r-release-macos-arm64, r-release-macos-x86_64, r-oldrel-macos-arm64, r-oldrel-macos-x86_64