CRAN Package Check Results for Package RUnit

Last updated on 2022-09-24 09:56:18 CEST.

Flavor Version Tinstall Tcheck Ttotal Status Flags
r-devel-linux-x86_64-debian-clang 0.4.32 4.31 38.45 42.76 NOTE
r-devel-linux-x86_64-debian-gcc 0.4.32 3.41 30.09 33.50 NOTE
r-devel-linux-x86_64-fedora-clang 0.4.32 63.38 NOTE
r-devel-linux-x86_64-fedora-gcc 0.4.32 65.34 NOTE
r-devel-windows-x86_64 0.4.32 26.00 79.00 105.00 NOTE
r-patched-linux-x86_64 0.4.32 3.63 37.65 41.28 NOTE
r-release-linux-x86_64 0.4.32 3.90 37.14 41.04 NOTE
r-release-macos-arm64 0.4.32 22.00 OK
r-release-macos-x86_64 0.4.32 32.00 OK
r-release-windows-x86_64 0.4.32 17.00 81.00 98.00 OK
r-oldrel-macos-arm64 0.4.32 27.00 OK
r-oldrel-macos-x86_64 0.4.32 39.00 OK
r-oldrel-windows-ix86+x86_64 0.4.32 12.00 72.00 84.00 OK

Check Details

Version: 0.4.32
Check: Rd files
Result: NOTE
    checkRd: (-1) tracker.Rd:70: Escaped LaTeX specials: \&
    checkRd: (-1) tracker.Rd:73: Escaped LaTeX specials: \&
Flavors: r-devel-linux-x86_64-debian-clang, r-devel-linux-x86_64-debian-gcc, r-devel-linux-x86_64-fedora-clang, r-devel-linux-x86_64-fedora-gcc, r-devel-windows-x86_64

Version: 0.4.32
Check: for non-standard things in the check directory
Result: NOTE
    Found the following files/directories:
     'results'
Flavors: r-devel-linux-x86_64-debian-clang, r-devel-linux-x86_64-debian-gcc, r-devel-linux-x86_64-fedora-clang, r-devel-linux-x86_64-fedora-gcc, r-patched-linux-x86_64, r-release-linux-x86_64