CRAN Package Check Results for Package RTextTools

Last updated on 2022-09-28 09:54:30 CEST.

Flavor Version Tinstall Tcheck Ttotal Status Flags
r-devel-linux-x86_64-debian-clang 1.4.3 15.52 116.64 132.16 OK
r-devel-linux-x86_64-debian-gcc 1.4.3 11.90 93.06 104.96 OK
r-devel-linux-x86_64-fedora-clang 1.4.3 173.90 NOTE
r-devel-linux-x86_64-fedora-gcc 1.4.3 177.54 NOTE
r-devel-windows-x86_64 1.4.3 24.00 156.00 180.00 OK
r-patched-linux-x86_64 1.4.3 14.34 115.57 129.91 OK
r-release-linux-x86_64 1.4.3 10.48 115.50 125.98 OK
r-release-macos-arm64 1.4.3 51.00 OK
r-release-macos-x86_64 1.4.3 86.00 OK
r-release-windows-x86_64 1.4.3 43.00 157.00 200.00 OK
r-oldrel-macos-arm64 1.4.3 60.00 OK
r-oldrel-macos-x86_64 1.4.3 82.00 OK
r-oldrel-windows-ix86+x86_64 1.4.3 43.00 206.00 249.00 OK

Check Details

Version: 1.4.3
Check: compiled code
Result: NOTE
    File ‘RTextTools/libs/RTextTools.so’:
     Found no calls to: ‘R_registerRoutines’, ‘R_useDynamicSymbols’
    
    It is good practice to register native routines and to disable symbol
    search.
    
    See ‘Writing portable packages’ in the ‘Writing R Extensions’ manual.
Flavors: r-devel-linux-x86_64-fedora-clang, r-devel-linux-x86_64-fedora-gcc