CRAN Package Check Results for Package RSentiment

Last updated on 2022-12-02 10:51:37 CET.

Flavor Version Tinstall Tcheck Ttotal Status Flags
r-devel-linux-x86_64-debian-clang 2.2.2 3.48 36.45 39.93 NOTE
r-devel-linux-x86_64-debian-gcc 2.2.2 2.46 27.60 30.06 NOTE
r-devel-linux-x86_64-fedora-clang 2.2.2 59.41 NOTE
r-devel-linux-x86_64-fedora-gcc 2.2.2 59.02 NOTE
r-devel-windows-x86_64 2.2.2 13.00 64.00 77.00 NOTE
r-patched-linux-x86_64 2.2.2 3.18 34.37 37.55 NOTE
r-release-linux-x86_64 2.2.2 3.11 34.19 37.30 NOTE
r-release-macos-arm64 2.2.2 18.00 NOTE
r-release-macos-x86_64 2.2.2 26.00 NOTE
r-release-windows-x86_64 2.2.2 12.00 65.00 77.00 NOTE
r-oldrel-macos-arm64 2.2.2 25.00 NOTE
r-oldrel-macos-x86_64 2.2.2 33.00 NOTE
r-oldrel-windows-ix86+x86_64 2.2.2 6.00 59.00 65.00 NOTE

Check Details

Version: 2.2.2
Check: LazyData
Result: NOTE
     'LazyData' is specified without a 'data' directory
Flavors: r-devel-linux-x86_64-debian-clang, r-devel-linux-x86_64-debian-gcc, r-devel-linux-x86_64-fedora-clang, r-devel-linux-x86_64-fedora-gcc, r-devel-windows-x86_64, r-patched-linux-x86_64, r-release-linux-x86_64, r-release-macos-arm64, r-release-macos-x86_64, r-release-windows-x86_64, r-oldrel-macos-arm64, r-oldrel-macos-x86_64, r-oldrel-windows-ix86+x86_64