Last updated on 2023-01-28 10:51:40 CET.
Flavor | Version | Tinstall | Tcheck | Ttotal | Status | Flags |
---|---|---|---|---|---|---|
r-devel-linux-x86_64-debian-clang | 3.0.13 | 24.12 | 321.58 | 345.70 | OK | |
r-devel-linux-x86_64-debian-gcc | 3.0.13 | 20.86 | 230.77 | 251.63 | OK | |
r-devel-linux-x86_64-fedora-clang | 3.0.13 | 443.54 | NOTE | |||
r-devel-linux-x86_64-fedora-gcc | 3.0.13 | 435.62 | OK | |||
r-devel-windows-x86_64 | 3.0.13 | 73.00 | 356.00 | 429.00 | OK | |
r-patched-linux-x86_64 | 3.0.13 | 24.86 | 314.25 | 339.11 | OK | |
r-release-linux-x86_64 | 3.0.13 | 21.91 | 316.96 | 338.87 | OK | |
r-release-macos-arm64 | 3.0.13 | 144.00 | OK | |||
r-release-macos-x86_64 | 3.0.13 | 203.00 | OK | |||
r-release-windows-x86_64 | 3.0.13 | 108.00 | 347.00 | 455.00 | OK | |
r-oldrel-macos-arm64 | 3.0.13 | 136.00 | OK | |||
r-oldrel-macos-x86_64 | 3.0.13 | 200.00 | OK | |||
r-oldrel-windows-ix86+x86_64 | 3.0.13 | 53.00 | 371.00 | 424.00 | OK |
Version: 3.0.13
Check: package dependencies
Result: NOTE
Imports includes 29 non-default packages.
Importing from so many packages makes the package vulnerable to any of
them becoming unavailable. Move as many as possible to Suggests and
use conditionally.
Flavor: r-devel-linux-x86_64-fedora-clang