CRAN Package Check Results for Package RRphylo

Last updated on 2023-03-24 10:54:19 CET.

Flavor Version Tinstall Tcheck Ttotal Status Flags
r-devel-linux-x86_64-debian-clang 2.7.0 29.34 282.43 311.77 NOTE
r-devel-linux-x86_64-debian-gcc 2.7.0 22.03 207.73 229.76 OK
r-devel-linux-x86_64-fedora-clang 2.7.0 401.54 OK
r-devel-linux-x86_64-fedora-gcc 2.7.0 394.09 OK
r-devel-windows-x86_64 2.7.0 61.00 359.00 420.00 OK
r-patched-linux-x86_64 2.7.0 25.51 271.42 296.93 NOTE
r-release-linux-x86_64 2.7.0 26.78 260.74 287.52 OK
r-release-macos-arm64 2.7.0 118.00 OK
r-release-macos-x86_64 2.7.0 138.00 OK
r-release-windows-x86_64 2.7.0 67.00 352.00 419.00 OK
r-oldrel-macos-arm64 2.7.0 121.00 OK
r-oldrel-macos-x86_64 2.7.0 152.00 OK
r-oldrel-windows-ix86+x86_64 2.7.0 51.00 338.00 389.00 OK

Check Details

Version: 2.7.0
Check: package dependencies
Result: NOTE
    Package suggested but not available for checking: ‘evolqg’
Flavors: r-devel-linux-x86_64-debian-clang, r-patched-linux-x86_64

Version: 2.7.0
Check: Rd cross-references
Result: NOTE
    Unknown package ‘evolqg’ in Rd xrefs
Flavors: r-devel-linux-x86_64-debian-clang, r-patched-linux-x86_64