CRAN Package Check Results for Package RQuantLib

Last updated on 2022-12-09 10:00:33 CET.

Flavor Version Tinstall Tcheck Ttotal Status Flags
r-devel-linux-x86_64-debian-clang 0.4.17 691.71 63.33 755.04 WARN
r-devel-linux-x86_64-debian-gcc 0.4.17 776.49 53.74 830.23 WARN
r-devel-linux-x86_64-fedora-gcc 0.4.17 1472.78 WARN
r-devel-windows-x86_64 0.4.17 15108.00 175.00 15283.00 NOTE
r-patched-linux-x86_64 0.4.17 811.01 56.90 867.91 OK
r-release-linux-x86_64 0.4.17 822.62 56.82 879.44 OK
r-release-macos-arm64 0.4.17 245.00 NOTE
r-release-macos-x86_64 0.4.17 356.00 NOTE
r-release-windows-x86_64 0.4.17 15282.00 167.00 15449.00 NOTE
r-oldrel-macos-arm64 0.4.17 222.00 NOTE
r-oldrel-macos-x86_64 0.4.17 359.00 NOTE
r-oldrel-windows-ix86+x86_64 0.4.17 2393.00 193.00 2586.00 NOTE

Additional issues

M1mac

Check Details

Version: 0.4.17
Check: compiled code
Result: WARN
    File 'RQuantLib/libs/RQuantLib.so':
     Found 'sprintf', possibly from 'sprintf' (C)
     Object: 'utils.o'
    
    Compiled code should not call entry points which might terminate R nor
    write to stdout/stderr instead of to the console, nor use Fortran I/O
    nor system RNGs nor [v]sprintf.
    
    See 'Writing portable packages' in the 'Writing R Extensions' manual.
Flavor: r-devel-linux-x86_64-debian-clang

Version: 0.4.17
Check: compiled code
Result: WARN
    File ‘RQuantLib/libs/RQuantLib.so’:
     Found ‘__sprintf_chk’, possibly from ‘sprintf’ (C)
     Object: ‘utils.o’
    
    Compiled code should not call entry points which might terminate R nor
    write to stdout/stderr instead of to the console, nor use Fortran I/O
    nor system RNGs nor [v]sprintf.
    
    See ‘Writing portable packages’ in the ‘Writing R Extensions’ manual.
Flavors: r-devel-linux-x86_64-debian-gcc, r-devel-linux-x86_64-fedora-gcc

Version: 0.4.17
Check: whether package can be installed
Result: WARN
    Found the following significant warnings:
     affine.cpp:33:53: warning: ‘QuantLib::CalibrationHelper’ is deprecated [-Wdeprecated-declarations]
     bermudan.cpp:33:53: warning: ‘QuantLib::CalibrationHelper’ is deprecated [-Wdeprecated-declarations]
     hullwhite.cpp:43:54: warning: ‘QuantLib::CalibrationHelper’ is deprecated [-Wdeprecated-declarations]
     hullwhite.cpp:111:54: warning: ‘QuantLib::CalibrationHelper’ is deprecated [-Wdeprecated-declarations]
Flavor: r-devel-linux-x86_64-fedora-gcc

Version: 0.4.17
Check: installed package size
Result: NOTE
     installed size is 14.5Mb
     sub-directories of 1Mb or more:
     libs 13.9Mb
Flavors: r-devel-windows-x86_64, r-release-macos-arm64, r-release-macos-x86_64, r-release-windows-x86_64, r-oldrel-macos-arm64, r-oldrel-macos-x86_64, r-oldrel-windows-ix86+x86_64