Last updated on 2023-06-04 09:57:39 CEST.
Flavor | Version | Tinstall | Tcheck | Ttotal | Status | Flags |
---|---|---|---|---|---|---|
r-devel-linux-x86_64-debian-clang | 0.0-4 | 2.35 | 28.05 | 30.40 | OK | |
r-devel-linux-x86_64-debian-gcc | 0.0-4 | 2.19 | 21.73 | 23.92 | OK | |
r-devel-linux-x86_64-fedora-clang | 0.0-4 | 39.65 | NOTE | |||
r-devel-linux-x86_64-fedora-gcc | 0.0-4 | 40.61 | OK | |||
r-devel-windows-x86_64 | 0.0-4 | 4.00 | 45.00 | 49.00 | OK | |
r-patched-linux-x86_64 | 0.0-4 | 2.83 | 26.91 | 29.74 | OK | |
r-release-linux-x86_64 | 0.0-4 | 2.99 | 27.17 | 30.16 | OK | |
r-release-macos-arm64 | 0.0-4 | 18.00 | OK | |||
r-release-macos-x86_64 | 0.0-4 | 21.00 | OK | |||
r-release-windows-x86_64 | 0.0-4 | 4.00 | 47.00 | 51.00 | OK | |
r-oldrel-macos-arm64 | 0.0-4 | 16.00 | OK | |||
r-oldrel-macos-x86_64 | 0.0-4 | 23.00 | OK | |||
r-oldrel-windows-x86_64 | 0.0-4 | 5.00 | 47.00 | 52.00 | OK |
Version: 0.0-4
Check: Rd cross-references
Result: NOTE
Undeclared package ‘pROC’ in Rd xrefs
Flavor: r-devel-linux-x86_64-fedora-clang