CRAN Package Check Results for Package ROI.plugin.cplex

Last updated on 2022-12-02 10:51:36 CET.

Flavor Version Tinstall Tcheck Ttotal Status Flags
r-devel-linux-x86_64-debian-clang 0.3-0 6.26 47.03 53.29 OK --no-tests
r-devel-linux-x86_64-debian-gcc 0.3-0 4.00 33.05 37.05 OK --no-tests
r-devel-windows-x86_64 0.3-0 1.00 7.00 8.00 ERROR
r-patched-linux-x86_64 0.3-0 4.29 45.47 49.76 OK --no-tests
r-release-linux-x86_64 0.3-0 5.81 43.15 48.96 OK --no-tests
r-release-macos-arm64 0.3-0 10.00 ERROR
r-release-macos-x86_64 0.3-0 6.00 ERROR
r-release-windows-x86_64 0.3-0 2.00 23.00 25.00 ERROR
r-oldrel-macos-arm64 0.3-0 9.00 ERROR
r-oldrel-macos-x86_64 0.3-0 12.00 ERROR

Check Details

Version: 0.3-0
Check: package dependencies
Result: ERROR
    Package required but not available: 'Rcplex'
    
    See section 'The DESCRIPTION file' in the 'Writing R Extensions'
    manual.
Flavors: r-devel-windows-x86_64, r-release-macos-arm64, r-release-macos-x86_64, r-release-windows-x86_64, r-oldrel-macos-arm64, r-oldrel-macos-x86_64