CRAN Package Check Results for Package ROCket

Last updated on 2022-12-02 10:51:36 CET.

Flavor Version Tinstall Tcheck Ttotal Status Flags
r-devel-linux-x86_64-debian-clang 1.0.1 3.36 34.59 37.95 NOTE
r-devel-linux-x86_64-debian-gcc 1.0.1 2.40 25.57 27.97 NOTE
r-devel-linux-x86_64-fedora-clang 1.0.1 56.16 NOTE
r-devel-linux-x86_64-fedora-gcc 1.0.1 53.05 NOTE
r-devel-windows-x86_64 1.0.1 15.00 62.00 77.00 NOTE
r-patched-linux-x86_64 1.0.1 4.23 31.59 35.82 NOTE
r-release-linux-x86_64 1.0.1 2.18 30.87 33.05 NOTE
r-release-macos-arm64 1.0.1 16.00 NOTE
r-release-macos-x86_64 1.0.1 26.00 NOTE
r-release-windows-x86_64 1.0.1 14.00 60.00 74.00 NOTE
r-oldrel-macos-arm64 1.0.1 19.00 NOTE
r-oldrel-macos-x86_64 1.0.1 31.00 NOTE
r-oldrel-windows-ix86+x86_64 1.0.1 6.00 56.00 62.00 NOTE

Check Details

Version: 1.0.1
Check: LazyData
Result: NOTE
     'LazyData' is specified without a 'data' directory
Flavors: r-devel-linux-x86_64-debian-clang, r-devel-linux-x86_64-debian-gcc, r-devel-linux-x86_64-fedora-clang, r-devel-linux-x86_64-fedora-gcc, r-devel-windows-x86_64, r-patched-linux-x86_64, r-release-linux-x86_64, r-release-macos-arm64, r-release-macos-x86_64, r-release-windows-x86_64, r-oldrel-macos-arm64, r-oldrel-macos-x86_64, r-oldrel-windows-ix86+x86_64