Last updated on 2023-02-05 09:57:29 CET.
Flavor | Version | Tinstall | Tcheck | Ttotal | Status | Flags |
---|---|---|---|---|---|---|
r-devel-linux-x86_64-debian-clang | 2.7.1 | 573.08 | 60.01 | 633.09 | OK | |
r-devel-linux-x86_64-debian-gcc | 2.7.1 | 436.18 | 55.14 | 491.32 | OK | |
r-devel-linux-x86_64-fedora-clang | 2.7.1 | 889.15 | NOTE | |||
r-devel-linux-x86_64-fedora-gcc | 2.7.1 | 828.77 | OK | |||
r-devel-windows-x86_64 | 2.7.1 | 417.00 | 128.00 | 545.00 | NOTE | |
r-patched-linux-x86_64 | 2.7.1 | 442.59 | 62.40 | 504.99 | OK | |
r-release-linux-x86_64 | 2.7.1 | 433.16 | 62.38 | 495.54 | OK | |
r-release-macos-arm64 | 2.7.1 | 214.00 | NOTE | |||
r-release-macos-x86_64 | 2.7.1 | 222.00 | NOTE | |||
r-release-windows-x86_64 | 2.7.1 | 403.00 | 129.00 | 532.00 | NOTE | |
r-oldrel-macos-arm64 | 2.7.1 | 217.00 | NOTE | |||
r-oldrel-macos-x86_64 | 2.7.1 | 223.00 | NOTE | |||
r-oldrel-windows-ix86+x86_64 | 2.7.1 | 1256.00 | 145.00 | 1401.00 | NOTE |
Version: 2.7.1
Check: installed package size
Result: NOTE
installed size is 5.4Mb
sub-directories of 1Mb or more:
extdata 2.0Mb
libs 3.2Mb
Flavors: r-devel-linux-x86_64-fedora-clang, r-devel-windows-x86_64, r-release-macos-arm64, r-release-macos-x86_64, r-release-windows-x86_64, r-oldrel-macos-arm64, r-oldrel-macos-x86_64, r-oldrel-windows-ix86+x86_64