Last updated on 2023-02-01 10:51:59 CET.
Flavor | Version | Tinstall | Tcheck | Ttotal | Status | Flags |
---|---|---|---|---|---|---|
r-devel-linux-x86_64-debian-clang | 1.4.4 | 32.94 | 42.10 | 75.04 | WARN | |
r-devel-linux-x86_64-debian-gcc | 1.4.5 | 27.75 | 33.21 | 60.96 | OK | |
r-devel-linux-x86_64-fedora-clang | 1.4.5 | 99.14 | OK | |||
r-devel-linux-x86_64-fedora-gcc | 1.4.5 | 59.27 | OK | |||
r-devel-windows-x86_64 | 1.4.4 | 57.00 | 120.00 | 177.00 | WARN | |
r-patched-linux-x86_64 | 1.4.4 | 32.64 | 39.88 | 72.52 | OK | |
r-release-linux-x86_64 | 1.4.4 | 33.99 | 40.60 | 74.59 | OK | |
r-release-macos-arm64 | 1.4.5 | 44.00 | OK | |||
r-release-macos-x86_64 | 1.4.4 | 48.00 | NOTE | |||
r-release-windows-x86_64 | 1.4.5 | 48.00 | 121.00 | 169.00 | OK | |
r-oldrel-macos-arm64 | 1.4.5 | 49.00 | OK | |||
r-oldrel-macos-x86_64 | 1.4.4 | 50.00 | NOTE | |||
r-oldrel-windows-ix86+x86_64 | 1.4.4 | 77.00 | 103.00 | 180.00 | OK |
Version: 1.4.4
Check: whether package can be installed
Result: WARN
Found the following significant warnings:
../inst/include/RNifti/NiftiImage.h:352:34: warning: 'iterator<std::random_access_iterator_tag, RNifti::NiftiImageData::Element>' is deprecated [-Wdeprecated-declarations]
See ‘/home/hornik/tmp/R.check/r-devel-clang/Work/PKGS/RNifti.Rcheck/00install.out’ for details.
* used C compiler: ‘Debian clang version 15.0.6’
* used C++ compiler: ‘Debian clang version 15.0.6’
Flavor: r-devel-linux-x86_64-debian-clang
Version: 1.4.4
Check: whether package can be installed
Result: WARN
Found the following significant warnings:
../inst/include/RNifti/NiftiImage.h:352:34: warning: 'template<class _Category, class _Tp, class _Distance, class _Pointer, class _Reference> struct std::iterator' is deprecated [-Wdeprecated-declarations]
See 'd:/Rcompile/CRANpkg/local/4.3/RNifti.Rcheck/00install.out' for details.
* used C compiler: 'gcc.exe (GCC) 12.2.0'
* used C++ compiler: 'g++.exe (GCC) 12.2.0'
Flavor: r-devel-windows-x86_64
Version: 1.4.4
Check: installed package size
Result: NOTE
installed size is 5.1Mb
sub-directories of 1Mb or more:
libs 3.9Mb
Flavors: r-release-macos-x86_64, r-oldrel-macos-x86_64