CRAN Package Check Results for Package RNetCDF

Last updated on 2021-12-03 10:51:03 CET.

Flavor Version Tinstall Tcheck Ttotal Status Flags
r-devel-linux-x86_64-debian-clang 2.5-2 16.41 39.71 56.12 OK
r-devel-linux-x86_64-debian-gcc 2.5-2 9.49 31.43 40.92 OK
r-devel-linux-x86_64-fedora-clang 2.5-2 81.28 OK
r-devel-linux-x86_64-fedora-gcc 2.5-2 67.84 OK
r-devel-windows-x86_64-new-UL 2.5-2 36.00 134.00 170.00 NOTE
r-devel-windows-x86_64-new-TK 2.5-2 OK
r-devel-windows-x86_64-old 2.5-2 27.00 61.00 88.00 NOTE
r-patched-linux-x86_64 2.5-2 12.99 38.65 51.64 OK
r-patched-solaris-x86 2.5-2 88.30 OK
r-release-linux-x86_64 2.5-2 11.87 38.45 50.32 OK
r-release-macos-arm64 2.5-2 NOTE
r-release-macos-x86_64 2.5-2 NOTE
r-release-windows-ix86+x86_64 2.5-2 42.00 183.00 225.00 NOTE
r-oldrel-macos-x86_64 2.5-2 NOTE
r-oldrel-windows-ix86+x86_64 2.5-2 53.00 171.00 224.00 NOTE

Check Details

Version: 2.5-2
Check: installed package size
Result: NOTE
     installed size is 8.8Mb
     sub-directories of 1Mb or more:
     libs 8.5Mb
Flavors: r-devel-windows-x86_64-new-UL, r-devel-windows-x86_64-old, r-release-macos-arm64, r-release-macos-x86_64, r-release-windows-ix86+x86_64, r-oldrel-macos-x86_64, r-oldrel-windows-ix86+x86_64

Version: 2.5-2
Check: package dependencies
Result: NOTE
    Package which this enhances but not available for checking: ‘pbdMPI’
Flavors: r-release-macos-arm64, r-release-macos-x86_64, r-oldrel-macos-x86_64

Version: 2.5-2
Check: Rd cross-references
Result: NOTE
    Package unavailable to check Rd xrefs: ‘pbdMPI’
Flavors: r-release-macos-arm64, r-release-macos-x86_64, r-oldrel-macos-x86_64