CRAN Package Check Results for Package RMT4DS

Last updated on 2024-04-23 10:54:15 CEST.

Flavor Version Tinstall Tcheck Ttotal Status Flags
r-devel-linux-x86_64-debian-clang 0.0.1 5.16 55.47 60.63 OK
r-devel-linux-x86_64-debian-gcc 0.0.1 3.28 44.67 47.95 OK
r-devel-linux-x86_64-fedora-clang 0.0.1 75.52 NOTE
r-devel-linux-x86_64-fedora-gcc 0.0.1 89.16 NOTE
r-prerel-macos-arm64 0.0.1 33.00 OK
r-prerel-windows-x86_64 0.0.1 5.00 62.00 67.00 OK
r-patched-linux-x86_64 0.0.1 3.31 58.40 61.71 OK
r-release-linux-x86_64 0.0.1 2.53 57.58 60.11 OK
r-release-macos-arm64 0.0.1 33.00 OK
r-release-macos-x86_64 0.0.1 56.00 OK
r-release-windows-x86_64 0.0.1 7.00 71.00 78.00 OK
r-oldrel-macos-arm64 0.0.1 36.00 NOTE
r-oldrel-windows-x86_64 0.0.1 6.00 74.00 80.00 OK

Check Details

Version: 0.0.1
Check: dependencies in R code
Result: NOTE Namespace in Imports field not imported from: ‘quadprog’ All declared Imports should be used. Flavors: r-devel-linux-x86_64-fedora-clang, r-devel-linux-x86_64-fedora-gcc, r-oldrel-macos-arm64