Last updated on 2022-07-06 09:53:05 CEST.
Flavor | Version | Tinstall | Tcheck | Ttotal | Status | Flags |
---|---|---|---|---|---|---|
r-devel-linux-x86_64-debian-clang | 3.2.4 | 117.34 | 52.93 | 170.27 | OK | |
r-devel-linux-x86_64-debian-gcc | 3.2.4 | 96.62 | 40.33 | 136.95 | OK | |
r-devel-linux-x86_64-fedora-clang | 3.2.4 | 268.45 | OK | |||
r-devel-linux-x86_64-fedora-gcc | 3.2.4 | 237.91 | OK | |||
r-devel-windows-x86_64 | 3.2.4 | 101.00 | 99.00 | 200.00 | OK | |
r-patched-linux-x86_64 | 3.2.4 | 95.28 | 52.43 | 147.71 | OK | |
r-release-linux-x86_64 | 3.2.4 | 101.34 | 52.52 | 153.86 | OK | |
r-release-macos-arm64 | 3.2.4 | 56.00 | OK | |||
r-release-macos-x86_64 | 3.2.4 | 78.00 | OK | |||
r-release-windows-x86_64 | 3.2.4 | 98.00 | 107.00 | 205.00 | OK | |
r-oldrel-macos-arm64 | 3.2.4 | 53.00 | NOTE | |||
r-oldrel-macos-x86_64 | 3.2.4 | 72.00 | OK | |||
r-oldrel-windows-ix86+x86_64 | 3.2.4 | 292.00 | 112.00 | 404.00 | OK |
Version: 3.2.4
Check: installed package size
Result: NOTE
installed size is 5.3Mb
sub-directories of 1Mb or more:
libs 5.0Mb
Flavor: r-oldrel-macos-arm64