CRAN Package Check Results for Package RDS

Last updated on 2022-12-07 10:50:08 CET.

Flavor Version Tinstall Tcheck Ttotal Status Flags
r-devel-linux-x86_64-debian-clang 0.9-3 33.29 232.48 265.77 WARN
r-devel-linux-x86_64-debian-gcc 0.9-3 22.95 168.77 191.72 WARN
r-devel-linux-x86_64-fedora-clang 0.9-3 335.22 WARN
r-devel-linux-x86_64-fedora-gcc 0.9-3 322.00 WARN
r-devel-windows-x86_64 0.9-3 64.00 261.00 325.00 OK
r-patched-linux-x86_64 0.9-3 27.09 218.27 245.36 OK
r-release-linux-x86_64 0.9-3 19.48 214.04 233.52 OK
r-release-macos-arm64 0.9-3 77.00 OK
r-release-macos-x86_64 0.9-3 129.00 OK
r-release-windows-x86_64 0.9-3 75.00 247.00 322.00 OK
r-oldrel-macos-arm64 0.9-3 88.00 OK
r-oldrel-macos-x86_64 0.9-3 154.00 OK
r-oldrel-windows-ix86+x86_64 0.9-3 64.00 330.00 394.00 OK

Check Details

Version: 0.9-3
Check: compiled code
Result: WARN
    File 'RDS/libs/RDS.so':
     Found '__sprintf_chk', possibly from 'sprintf' (C)
     Object: 'RDSSample.o'
    
    Compiled code should not call entry points which might terminate R nor
    write to stdout/stderr instead of to the console, nor use Fortran I/O
    nor system RNGs nor [v]sprintf.
    
    See 'Writing portable packages' in the 'Writing R Extensions' manual.
Flavors: r-devel-linux-x86_64-debian-clang, r-devel-linux-x86_64-debian-gcc, r-devel-linux-x86_64-fedora-gcc

Version: 0.9-3
Check: compiled code
Result: WARN
    File ‘RDS/libs/RDS.so’:
     Found ‘sprintf’, possibly from ‘sprintf’ (C)
     Object: ‘RDSSample.o’
    
    Compiled code should not call entry points which might terminate R nor
    write to stdout/stderr instead of to the console, nor use Fortran I/O
    nor system RNGs nor [v]sprintf.
    
    See ‘Writing portable packages’ in the ‘Writing R Extensions’ manual.
Flavor: r-devel-linux-x86_64-fedora-clang