Last updated on 2023-06-08 09:59:26 CEST.
Flavor | Version | Tinstall | Tcheck | Ttotal | Status | Flags |
---|---|---|---|---|---|---|
r-devel-linux-x86_64-debian-clang | 1.3.0 | 17.63 | 177.88 | 195.51 | OK | |
r-devel-linux-x86_64-debian-gcc | 1.3.0 | 14.17 | 139.55 | 153.72 | OK | |
r-devel-linux-x86_64-fedora-clang | 1.3.0 | 252.50 | OK | |||
r-devel-linux-x86_64-fedora-gcc | 1.3.0 | 249.08 | OK | |||
r-devel-windows-x86_64 | 1.3.0 | 16.00 | 148.00 | 164.00 | OK | |
r-patched-linux-x86_64 | 1.3.0 | 16.09 | 171.05 | 187.14 | OK | |
r-release-linux-x86_64 | 1.3.0 | 17.46 | 167.66 | 185.12 | OK | |
r-release-macos-arm64 | 1.3.0 | 54.00 | NOTE | |||
r-release-macos-x86_64 | 1.2.4 | 82.00 | NOTE | |||
r-release-windows-x86_64 | 1.3.0 | 20.00 | 186.00 | 206.00 | OK | |
r-oldrel-macos-arm64 | 1.3.0 | 73.00 | OK | |||
r-oldrel-macos-x86_64 | 1.3.0 | 88.00 | OK | |||
r-oldrel-windows-x86_64 | 1.3.0 | 19.00 | 174.00 | 193.00 | OK |
Version: 1.3.0
Check: package dependencies
Result: NOTE
Packages suggested but not available for checking: 'xcms', 'MSnbase'
Flavor: r-release-macos-arm64
Version: 1.2.4
Check: package dependencies
Result: NOTE
Packages suggested but not available for checking:
'xcms', 'MSnbase', 'InterpretMSSpectrum'
Flavor: r-release-macos-x86_64