Last updated on 2023-01-29 11:07:44 CET.
Flavor | Version | Tinstall | Tcheck | Ttotal | Status | Flags |
---|---|---|---|---|---|---|
r-devel-linux-x86_64-debian-clang | 2.17.1 | 5.67 | 69.86 | 75.53 | OK | |
r-devel-linux-x86_64-debian-gcc | 2.17.1 | 2.84 | 53.55 | 56.39 | OK | |
r-devel-linux-x86_64-fedora-clang | 2.17.1 | 93.79 | OK | |||
r-devel-linux-x86_64-fedora-gcc | 2.17.1 | 106.36 | OK | |||
r-devel-windows-x86_64 | 2.17.1 | 65.00 | 133.00 | 198.00 | OK | |
r-patched-linux-x86_64 | 2.17.1 | 3.85 | 67.88 | 71.73 | OK | |
r-release-linux-x86_64 | 2.17.1 | 5.50 | 67.51 | 73.01 | OK | |
r-release-macos-arm64 | 2.17.1 | 32.00 | OK | |||
r-release-macos-x86_64 | 2.17.1 | 51.00 | OK | |||
r-release-windows-x86_64 | 2.17.1 | 508.00 | 128.00 | 636.00 | OK | |
r-oldrel-macos-arm64 | 2.17.1 | 34.00 | OK | |||
r-oldrel-macos-x86_64 | 2.17.1 | 53.00 | OK | |||
r-oldrel-windows-ix86+x86_64 | 2.17.1 | 10.00 | 111.00 | 121.00 | WARN |
Version: 2.17.1
Check: re-building of vignette outputs
Result: WARN
Error(s) in re-building vignettes:
--- re-building 'R.devices-overview.tex.rsp' using rsp
R.devices v2.17.1 (2022-06-21 08:00:02 UTC) successfully loaded. See ?R.devices for help.
Warning in system(paste(shQuote(texi2dvi), if (quiet) "--quiet" else "", :
running command '"D:\compiler\texmf\miktex\bin\texify.exe" --quiet --pdf "R.devices-overview.tex" --max-iterations=20 -I "d:/RCompile/CRANpkg/local/4.1/R.devices.Rcheck/vign_test/R.devices/vignettes" -I "D:/RCompile/recent/R-4.1.3/share/texmf/tex/latex" -I "D:/RCompile/recent/R-4.1.3/share/texmf/bibtex/bst"' had status 1
Error: processing vignette 'R.devices-overview.tex.rsp' failed with diagnostics:
running 'texi2dvi' on 'R.devices-overview.tex' failed
LaTeX errors:
devices-overview.tex:55: LaTeX Error: Missing \begin{document}.
See the LaTeX manual or LaTeX Companion for explanation.
Type H <return> for immediate help
You're in trouble here. Try typing <return> to proceed.
--- failed re-building 'R.devices-overview.tex.rsp'
SUMMARY: processing the following file failed:
'R.devices-overview.tex.rsp'
Error: Vignette re-building failed.
Execution halted
Flavor: r-oldrel-windows-ix86+x86_64