Last updated on 2023-05-29 09:56:02 CEST.
Flavor | Version | Tinstall | Tcheck | Ttotal | Status | Flags |
---|---|---|---|---|---|---|
r-devel-linux-x86_64-debian-clang | 1.0 | 41.45 | 368.08 | 409.53 | OK | |
r-devel-linux-x86_64-debian-gcc | 1.0 | 35.54 | 269.85 | 305.39 | OK | |
r-devel-linux-x86_64-fedora-clang | 1.0 | 560.41 | NOTE | |||
r-devel-linux-x86_64-fedora-gcc | 1.0 | 546.98 | OK | |||
r-devel-windows-x86_64 | 1.0 | 34.00 | 263.00 | 297.00 | NOTE | |
r-patched-linux-x86_64 | 1.0 | 50.35 | 343.87 | 394.22 | OK | |
r-release-linux-x86_64 | 1.0 | 33.16 | 347.95 | 381.11 | OK | |
r-release-macos-arm64 | 1.0 | 189.00 | NOTE | |||
r-release-macos-x86_64 | 1.0 | 219.00 | NOTE | |||
r-release-windows-x86_64 | 1.0 | 49.00 | 354.00 | 403.00 | NOTE | |
r-oldrel-macos-arm64 | 1.0 | 137.00 | NOTE | |||
r-oldrel-macos-x86_64 | 1.0 | 195.00 | NOTE | |||
r-oldrel-windows-x86_64 | 1.0 | 49.00 | 328.00 | 377.00 | NOTE |
Version: 1.0
Check: installed package size
Result: NOTE
installed size is 6.4Mb
sub-directories of 1Mb or more:
doc 2.9Mb
shiny_app 1.4Mb
Flavors: r-devel-linux-x86_64-fedora-clang, r-devel-windows-x86_64, r-release-macos-arm64, r-release-macos-x86_64, r-release-windows-x86_64, r-oldrel-macos-arm64, r-oldrel-macos-x86_64, r-oldrel-windows-x86_64