CRAN Package Check Results for Package PracticalEquiDesign

Last updated on 2022-12-05 09:51:27 CET.

Flavor Version Tinstall Tcheck Ttotal Status Flags
r-devel-linux-x86_64-debian-clang 0.0.3 2.48 30.57 33.05 OK
r-devel-linux-x86_64-debian-gcc 0.0.3 2.04 24.05 26.09 OK
r-devel-linux-x86_64-fedora-clang 0.0.3 53.03 NOTE
r-devel-linux-x86_64-fedora-gcc 0.0.3 62.64 NOTE
r-devel-windows-x86_64 0.0.3 42.00 59.00 101.00 OK
r-patched-linux-x86_64 0.0.3 2.06 29.65 31.71 OK
r-release-linux-x86_64 0.0.3 1.76 29.94 31.70 OK
r-release-macos-arm64 0.0.3 18.00 NOTE
r-release-macos-x86_64 0.0.3 33.00 NOTE
r-release-windows-x86_64 0.0.3 29.00 58.00 87.00 OK
r-oldrel-macos-arm64 0.0.3 20.00 NOTE
r-oldrel-macos-x86_64 0.0.3 26.00 NOTE
r-oldrel-windows-ix86+x86_64 0.0.3 6.00 54.00 60.00 OK

Check Details

Version: 0.0.3
Check: dependencies in R code
Result: NOTE
    Namespaces in Imports field not imported from:
     ‘dplyr’ ‘methods’ ‘numDeriv’ ‘tidyr’
     All declared Imports should be used.
Flavors: r-devel-linux-x86_64-fedora-clang, r-devel-linux-x86_64-fedora-gcc, r-release-macos-arm64, r-release-macos-x86_64, r-oldrel-macos-arm64, r-oldrel-macos-x86_64