Last updated on 2023-05-30 11:00:21 CEST.
Flavor | Version | Tinstall | Tcheck | Ttotal | Status | Flags |
---|---|---|---|---|---|---|
r-devel-linux-x86_64-debian-clang | 1.1.0 | 10.29 | 73.41 | 83.70 | NOTE | |
r-devel-linux-x86_64-debian-gcc | 1.1.0 | 8.71 | 56.45 | 65.16 | NOTE | |
r-devel-linux-x86_64-fedora-clang | 1.1.0 | 111.00 | NOTE | |||
r-devel-linux-x86_64-fedora-gcc | 1.1.0 | 123.04 | NOTE | |||
r-devel-windows-x86_64 | 1.1.0 | 9.00 | 72.00 | 81.00 | NOTE | |
r-patched-linux-x86_64 | 1.1.0 | 11.87 | 71.57 | 83.44 | NOTE | |
r-release-linux-x86_64 | 1.1.0 | 9.46 | 70.63 | 80.09 | NOTE | |
r-release-macos-arm64 | 1.1.0 | 37.00 | NOTE | |||
r-release-macos-x86_64 | 1.1.0 | 59.00 | NOTE | |||
r-release-windows-x86_64 | 1.1.0 | 10.00 | 84.00 | 94.00 | NOTE | |
r-oldrel-macos-arm64 | 1.1.0 | 29.00 | OK | |||
r-oldrel-macos-x86_64 | 1.1.0 | 40.00 | OK | |||
r-oldrel-windows-x86_64 | 1.1.0 | 14.00 | 84.00 | 98.00 | OK |
Version: 1.1.0
Check: Rd files
Result: NOTE
checkRd: (-1) bira2.Rd:91: Escaped LaTeX specials: \&
checkRd: (-1) bira2.Rd:144: Escaped LaTeX specials: \&
checkRd: (-1) bira2.Rd:146: Escaped LaTeX specials: \&
checkRd: (-1) bira2.Rd:148: Escaped LaTeX specials: \&
checkRd: (-1) bira2.Rd:150: Escaped LaTeX specials: \&
checkRd: (-1) cra2.Rd:126: Escaped LaTeX specials: \&
checkRd: (-1) cra2.Rd:219: Escaped LaTeX specials: \&
checkRd: (-1) cra2.Rd:221: Escaped LaTeX specials: \&
checkRd: (-1) cra2.Rd:223: Escaped LaTeX specials: \&
checkRd: (-1) cra2.Rd:225: Escaped LaTeX specials: \&
checkRd: (-1) cra2.Rd:227: Escaped LaTeX specials: \&
checkRd: (-1) cra2.Rd:229: Escaped LaTeX specials: \&
checkRd: (-1) cra2.Rd:231: Escaped LaTeX specials: \&
checkRd: (-1) cra2.Rd:233: Escaped LaTeX specials: \&
checkRd: (-1) cra2.Rd:235: Escaped LaTeX specials: \&
checkRd: (-1) cra2.Rd:237: Escaped LaTeX specials: \&
checkRd: (-1) cra3.Rd:301: Escaped LaTeX specials: \&
checkRd: (-1) cra3.Rd:303: Escaped LaTeX specials: \&
checkRd: (-1) cra3.Rd:305: Escaped LaTeX specials: \&
checkRd: (-1) cra3.Rd:307: Escaped LaTeX specials: \&
checkRd: (-1) cra3.Rd:309: Escaped LaTeX specials: \&
checkRd: (-1) med_pn.Rd:129: Escaped LaTeX specials: \&
Flavors: r-devel-linux-x86_64-debian-clang, r-devel-linux-x86_64-debian-gcc, r-devel-linux-x86_64-fedora-clang, r-devel-linux-x86_64-fedora-gcc, r-devel-windows-x86_64, r-patched-linux-x86_64, r-release-linux-x86_64, r-release-macos-arm64, r-release-macos-x86_64, r-release-windows-x86_64