CRAN Package Check Results for Package PortfolioEffectHFT

Last updated on 2022-12-03 10:51:27 CET.

Flavor Version Tinstall Tcheck Ttotal Status Flags
r-devel-linux-x86_64-debian-clang 1.8 13.88 105.90 119.78 OK
r-devel-linux-x86_64-debian-gcc 1.8 12.33 79.02 91.35 OK
r-devel-linux-x86_64-fedora-clang 1.8 157.84 NOTE
r-devel-linux-x86_64-fedora-gcc 1.8 154.39 OK
r-devel-windows-x86_64 1.8 412.00 171.00 583.00 NOTE
r-patched-linux-x86_64 1.8 13.01 98.28 111.29 OK
r-release-linux-x86_64 1.8 14.14 98.23 112.37 OK
r-release-macos-arm64 1.8 45.00 NOTE
r-release-macos-x86_64 1.8 87.00 NOTE
r-release-windows-x86_64 1.8 321.00 182.00 503.00 NOTE
r-oldrel-macos-arm64 1.8 69.00 NOTE
r-oldrel-macos-x86_64 1.8 78.00 NOTE
r-oldrel-windows-ix86+x86_64 1.8 33.00 130.00 163.00 NOTE

Check Details

Version: 1.8
Check: installed package size
Result: NOTE
     installed size is 6.4Mb
     sub-directories of 1Mb or more:
     java 5.1Mb
Flavors: r-devel-linux-x86_64-fedora-clang, r-devel-windows-x86_64, r-release-macos-arm64, r-release-macos-x86_64, r-release-windows-x86_64, r-oldrel-macos-arm64, r-oldrel-macos-x86_64, r-oldrel-windows-ix86+x86_64