CRAN Package Check Results for Package PhySortR

Last updated on 2022-01-23 09:58:36 CET.

Flavor Version Tinstall Tcheck Ttotal Status Flags
r-devel-linux-x86_64-debian-clang 1.0.8 8.52 87.41 95.93 NOTE
r-devel-linux-x86_64-debian-gcc 1.0.8 8.60 77.95 86.55 NOTE
r-devel-linux-x86_64-fedora-clang 1.0.8 118.66 NOTE
r-devel-linux-x86_64-fedora-gcc 1.0.8 105.96 NOTE
r-devel-windows-x86_64-new-UL 1.0.8 25.00 103.00 128.00 NOTE
r-devel-windows-x86_64-new-TK 1.0.8 NOTE
r-patched-linux-x86_64 1.0.8 12.91 84.39 97.30 NOTE
r-release-linux-x86_64 1.0.8 10.21 84.37 94.58 NOTE
r-release-macos-arm64 1.0.8 NOTE
r-release-macos-x86_64 1.0.8 NOTE
r-release-windows-ix86+x86_64 1.0.8 21.00 101.00 122.00 NOTE
r-oldrel-macos-x86_64 1.0.8 OK
r-oldrel-windows-ix86+x86_64 1.0.8 22.00 100.00 122.00 OK

Check Details

Version: 1.0.8
Check: LazyData
Result: NOTE
     'LazyData' is specified without a 'data' directory
Flavors: r-devel-linux-x86_64-debian-clang, r-devel-linux-x86_64-debian-gcc, r-devel-linux-x86_64-fedora-clang, r-devel-linux-x86_64-fedora-gcc, r-devel-windows-x86_64-new-UL, r-devel-windows-x86_64-new-TK, r-patched-linux-x86_64, r-release-linux-x86_64, r-release-macos-arm64, r-release-macos-x86_64, r-release-windows-ix86+x86_64