CRAN Package Check Results for Package PenCoxFrail

Last updated on 2022-12-03 10:51:27 CET.

Flavor Version Tinstall Tcheck Ttotal Status Flags
r-devel-linux-x86_64-debian-clang 1.0.1 36.76 78.51 115.27 OK
r-devel-linux-x86_64-debian-gcc 1.0.1 31.93 60.55 92.48 OK
r-devel-linux-x86_64-fedora-clang 1.0.1 163.72 NOTE
r-devel-linux-x86_64-fedora-gcc 1.0.1 153.85 NOTE
r-devel-windows-x86_64 1.0.1 37.00 126.00 163.00 OK
r-patched-linux-x86_64 1.0.1 31.74 75.00 106.74 OK
r-release-linux-x86_64 1.0.1 33.07 74.42 107.49 OK
r-release-macos-arm64 1.0.1 42.00 OK
r-release-macos-x86_64 1.0.1 55.00 OK
r-release-windows-x86_64 1.0.1 50.00 131.00 181.00 OK
r-oldrel-macos-arm64 1.0.1 44.00 OK
r-oldrel-macos-x86_64 1.0.1 70.00 OK
r-oldrel-windows-ix86+x86_64 1.0.1 91.00 132.00 223.00 OK

Check Details

Version: 1.0.1
Check: compiled code
Result: NOTE
    File ‘PenCoxFrail/libs/PenCoxFrail.so’:
     Found no calls to: ‘R_registerRoutines’, ‘R_useDynamicSymbols’
    
    It is good practice to register native routines and to disable symbol
    search.
    
    See ‘Writing portable packages’ in the ‘Writing R Extensions’ manual.
Flavors: r-devel-linux-x86_64-fedora-clang, r-devel-linux-x86_64-fedora-gcc