CRAN Package Check Results for Package PBSmodelling

Last updated on 2022-11-25 09:53:34 CET.

Flavor Version Tinstall Tcheck Ttotal Status Flags
r-devel-linux-x86_64-debian-clang 2.68.8 18.11 115.50 133.61 OK
r-devel-linux-x86_64-debian-gcc 2.68.8 15.06 88.49 103.55 OK
r-devel-linux-x86_64-fedora-clang 2.68.8 179.47 NOTE
r-devel-linux-x86_64-fedora-gcc 2.68.8 175.93 OK
r-devel-windows-x86_64 2.68.8 236.00 169.00 405.00 OK
r-patched-linux-x86_64 2.68.8 OK
r-release-linux-x86_64 2.68.8 23.09 120.55 143.64 OK
r-release-macos-arm64 2.68.8 79.00 NOTE
r-release-macos-x86_64 2.68.8 118.00 NOTE
r-release-windows-x86_64 2.68.8 267.00 173.00 440.00 OK
r-oldrel-macos-arm64 2.68.8 125.00 NOTE
r-oldrel-macos-x86_64 2.68.8 119.00 NOTE
r-oldrel-windows-ix86+x86_64 2.68.8 37.00 142.00 179.00 OK

Check Details

Version: 2.68.8
Check: installed package size
Result: NOTE
     installed size is 5.2Mb
     sub-directories of 1Mb or more:
     doc 1.3Mb
     examples 1.7Mb
Flavors: r-devel-linux-x86_64-fedora-clang, r-release-macos-arm64, r-release-macos-x86_64, r-oldrel-macos-arm64, r-oldrel-macos-x86_64