CRAN Package Check Results for Package PBD

Last updated on 2021-12-01 09:54:37 CET.

Flavor Version Tinstall Tcheck Ttotal Status Flags
r-devel-linux-x86_64-debian-clang 1.4 4.00 84.67 88.67 OK
r-devel-linux-x86_64-debian-gcc 1.4 3.84 67.55 71.39 OK
r-devel-linux-x86_64-fedora-clang 1.4 115.39 NOTE
r-devel-linux-x86_64-fedora-gcc 1.4 109.69 NOTE
r-devel-windows-x86_64-new-UL 1.4 11.00 122.00 133.00 OK
r-devel-windows-x86_64-new-TK 1.4 NOTE
r-devel-windows-x86_64-old 1.4 7.00 76.00 83.00 OK
r-patched-linux-x86_64 1.4 4.79 82.40 87.19 OK
r-patched-solaris-x86 1.4 80.20 NOTE
r-release-linux-x86_64 1.4 4.31 83.37 87.68 OK
r-release-macos-arm64 1.4 NOTE
r-release-macos-x86_64 1.4 NOTE
r-release-windows-ix86+x86_64 1.4 10.00 111.00 121.00 OK
r-oldrel-macos-x86_64 1.4 NOTE
r-oldrel-windows-ix86+x86_64 1.4 7.00 95.00 102.00 OK

Check Details

Version: 1.4
Check: dependencies in R code
Result: NOTE
    Namespace in Imports field not imported from: ‘ade4’
     All declared Imports should be used.
Flavors: r-devel-linux-x86_64-fedora-clang, r-devel-linux-x86_64-fedora-gcc, r-devel-windows-x86_64-new-TK, r-patched-solaris-x86, r-release-macos-arm64, r-release-macos-x86_64, r-oldrel-macos-x86_64