CRAN Package Check Results for Package PACLasso

Last updated on 2024-04-17 08:57:39 CEST.

Flavor Version Tinstall Tcheck Ttotal Status Flags
r-devel-linux-x86_64-debian-clang 1.0.0 8.42 89.90 98.32 NOTE
r-devel-linux-x86_64-debian-gcc 1.0.0 7.32 68.01 75.33 NOTE
r-devel-linux-x86_64-fedora-clang 1.0.0 121.44 NOTE
r-devel-linux-x86_64-fedora-gcc 1.0.0 121.94 NOTE
r-prerel-macos-arm64 1.0.0 39.00 NOTE
r-prerel-windows-x86_64 1.0.0 7.00 82.00 89.00 NOTE
r-patched-linux-x86_64 1.0.0 7.47 87.56 95.03 NOTE
r-release-linux-x86_64 1.0.0 5.65 89.70 95.35 NOTE
r-release-macos-arm64 1.0.0 43.00 NOTE
r-release-macos-x86_64 1.0.0 70.00 NOTE
r-release-windows-x86_64 1.0.0 10.00 97.00 107.00 NOTE
r-oldrel-macos-arm64 1.0.0 38.00 NOTE
r-oldrel-windows-x86_64 1.0.0 10.00 98.00 108.00 NOTE

Check Details

Version: 1.0.0
Check: LazyData
Result: NOTE 'LazyData' is specified without a 'data' directory Flavors: r-devel-linux-x86_64-debian-clang, r-devel-linux-x86_64-debian-gcc, r-devel-linux-x86_64-fedora-clang, r-devel-linux-x86_64-fedora-gcc, r-prerel-macos-arm64, r-prerel-windows-x86_64, r-patched-linux-x86_64, r-release-linux-x86_64, r-release-macos-arm64, r-release-macos-x86_64, r-release-windows-x86_64, r-oldrel-macos-arm64, r-oldrel-windows-x86_64