CRAN Package Check Results for Package OptimaRegion

Last updated on 2022-01-28 10:53:21 CET.

Flavor Version Tinstall Tcheck Ttotal Status Flags
r-devel-linux-x86_64-debian-clang 1.1 3.60 49.50 53.10 OK
r-devel-linux-x86_64-debian-gcc 1.1 2.72 38.23 40.95 OK
r-devel-linux-x86_64-fedora-clang 1.1 68.63 NOTE
r-devel-linux-x86_64-fedora-gcc 1.1 56.73 NOTE
r-devel-windows-x86_64-new-UL 1.1 56.00 67.00 123.00 OK
r-devel-windows-x86_64-new-TK 1.1 ERROR
r-patched-linux-x86_64 1.1 3.19 47.32 50.51 OK
r-release-linux-x86_64 1.1 4.19 48.42 52.61 OK
r-release-macos-arm64 1.1 NOTE
r-release-macos-x86_64 1.1 NOTE
r-release-windows-ix86+x86_64 1.1 10.00 58.00 68.00 OK
r-oldrel-macos-x86_64 1.1 NOTE
r-oldrel-windows-ix86+x86_64 1.1 10.00 57.00 67.00 OK

Check Details

Version: 1.1
Check: dependencies in R code
Result: NOTE
    Namespace in Imports field not imported from: ‘geometry’
     All declared Imports should be used.
Flavors: r-devel-linux-x86_64-fedora-clang, r-devel-linux-x86_64-fedora-gcc, r-release-macos-arm64, r-release-macos-x86_64, r-oldrel-macos-x86_64

Version: 1.1
Check: package dependencies
Result: ERROR
    Package required but not available: 'nloptr'
    
    See section 'The DESCRIPTION file' in the 'Writing R Extensions'
    manual.
Flavor: r-devel-windows-x86_64-new-TK